. Let p = 55 + c. Calculate m(p).
13
Suppose -7*j - 26 + 47 = 0. Let c(b) = 14*b + 3. Determine c(j).
45
Let r(n) = -2*n**2 + 3. Let x(a) = 2*a + 7. Let b be x(-5). Let q(i) = 295*i**2 - 12 + 4*i + 18 - 294*i**2. Let m be q(b). What is r(m)?
-15
Let b(g) = 31 - 29960*g + 29935*g - 280. What is b(-10)?
1
Let u(g) = 21*g**2 + 104*g. Let t be u(-5). Let f(i) = -9*i + 16 + i + 5*i + t*i. Give f(-7).
2
Let o(d) = 6*d + 8. Let b(l) = l + 1. Let j(t) = 5*b(t) - o(t). Let m = -47 + 47. Suppose -5*g + 5*w + 10 = 0, w + 14 = 3*g - m*g. What is j(g)?
-9
Let b(t) = t**3 + 11*t**2 - 14*t - 8. Let k = -3 - 1. Let z(g) = -4*g**2 + 5*g + 3. Let q(x) = k*b(x) - 11*z(x). Let f = -4407 - -4408. Calculate q(f).
-4
Let i(g) = -2*g**2 - 20*g - 8. Let k(s) = -9*s**2 - 99*s - 40. Let c(b) = -14*i(b) + 3*k(b). Give c(17).
-8
Let m(s) = s**2 - 6*s - 2. Let q be (-4 + 1 + 3)*2/(-4). Suppose 0*t - 2*k = 4*t - 8, q = -3*k - 6. Let d(r) = 7*r - 15. Let y be d(t). What is m(y)?
-2
Let m(l) = 3*l + 20. Let d(f) = -2*f + 22. Let q(s) = 2*d(s) - m(s). Give q(0).
24
Let l(t) = -t - 1. Let y be l(2). Let v(p) = -3110*p - 14. Let h(o) = 1435*o + 7. Let k(c) = -13*h(c) - 6*v(c). Determine k(y).
-22
Let f be (-245)/(-6) + 1 + 2/12. Suppose -41*q = -f*q. Let d(h) = q + 3*h + 4*h**2 - 3 - 6*h - h**2. Determine d(3).
15
Let q(s) = s + 7. Let p(n) = 34*n - 13 + 41*n + 2*n**3 - 67*n + 19*n**2. Let i be p(-9). What is q(i)?
3
Let d(g) = g**3 - 27*g**2 + 26*g - 21. Suppose 3316 = 582*y - 11816. Give d(y).
-21
Let x(q) = -q**3 - 5*q**2 + 8*q + 2. Suppose -2*s = -11*s - 135. Let g be (10/s)/(8/84) + 1. Determine x(g).
-10
Let k(r) = -r - 5. Suppose -6 + 7 = g. Let m = g + 3. Suppose -5*s = a + m*a - 5, -2*s + 8 = 0. Calculate k(a).
-2
Let c(h) = 3*h**2 + 7*h - 9. Let u = 22 + -23. Let f be 2 - (4 - u) - 2. Let y(a) = 5*a**2 + 11*a - 14. Let x(l) = f*y(l) + 8*c(l). Give x(5).
-22
Let r(u) = u**2 + 2*u - 4. Let p be r(4). Let i(q) = 2 - p*q - 1 + 11*q + 17*q. Determine i(-2).
-15
Let f(v) = v - 94408 + 94407 - 2*v**3 + 10*v**3. Let h be (1/3)/(5/15). Calculate f(h).
8
Let w(j) = 2*j + 0*j - 2*j - 2 - 3*j**2 + j**3 - 5*j. Let h be w(4). Let f(c) = 20 + c + 14 + 8 + 12 - 52. Determine f(h).
-4
Let x(b) = 8*b**2 + 13*b - 1. Let p be x(-2). Suppose -l + 3 = -1. Let k(j) = -5*j + j**2 - 3*j - l + 3*j + 0. Determine k(p).
-4
Let z be (-1)/(1 + (-18)/21). Let b = 641 - 638. Let k(f) = -5 - 8 + f**b + 8*f**2 + 3 + 13 + 8*f. What is k(z)?
-4
Let s be 3/(-5) + (-2424)/(-80)*2. Let p(w) = 17*w - 18*w + s - 77. What is p(-12)?
-5
Let o = -651 - -643. Suppose -4*f + 2*t = -40, 4*t - 8 = 6*t. Let a(q) = 3*q**2 - 2*q**3 - 1 + f*q + 9*q**2 - 3*q**2 + 3*q**3. Calculate a(o).
-1
Let o(j) = j**2 - 4*j - 3. Let v be o(4). Let y be ((-1)/(-2))/(v*2/(-108)). Let f be 108/16 - (0 - y/(-12)). Let p(r) = r**2 - 5*r - 5. Give p(f).
1
Let l(a) = 7*a + 0 - 10*a + 5*a + 1 + 15. What is l(-3)?
10
Let i(v) = 5*v**2 - 9*v + 3. Let n(t) = -14*t**2 + 27*t - 8. Let o(c) = -17*i(c) - 6*n(c). Suppose 38 = -4*w + 2*z, -5*w + 576*z = 573*z + 51. What is o(w)?
15
Let n(r) = -3*r + 2. Let a(i) = -4*i - 1. Let u(x) = a(x) - n(x). Suppose -4*h = 2*q - 8, h = 3*q + 2 + 7. Determine u(h).
-6
Let a(f) be the first derivative of -1 - 141*f**2 + 2 + 71*f**2 + 69*f**2 - f. Let z(c) = -c**3 + 8*c**2 - 12*c + 1. Let i be z(6). What is a(i)?
-3
Let k(d) = -4*d**3 - d**2 + 29*d - 39. Let c(q) = 3*q**3 - q**2 - 23*q + 40. Let h(y) = 3*c(y) + 2*k(y). Determine h(6).
12
Let j = 4190 - 4191. Let f(v) = -2*v**2 + 25*v + 26. Calculate f(j).
-1
Let d(l) = -16*l - 7 + 13*l**2 + 4 - 9 - 6762*l**3 + 6761*l**3 - 1. Calculate d(12).
-61
Let u = -33 - -37. Let h be (2 - u)*1 - (-7 + 1). Suppose -h*f - 21 = -13. Let b(m) = 2*m - 2. Give b(f).
-6
Suppose 3 = -126*p + 125*p. Let u(a) be the first derivative of 3/2*a**2 + 1/3*a**3 - a + 28. Calculate u(p).
-1
Let c(h) be the first derivative of -h**4/12 + 5*h**3/6 - 7*h**2/2 - 32*h + 66. Let t(q) be the first derivative of c(q). Give t(6).
-13
Let w(d) = -d**3 + 9*d**2 - 3*d - 7. Let g(v) = 1217*v + 9740. Let j be g(-8). What is w(j)?
61
Let c(i) be the first derivative of -5*i**4/2 - i**3/3 + i**2 - 4*i - 2621. Give c(2).
-84
Let z(d) be the second derivative of d**8/6720 - d**7/315 + d**6/180 + d**5/24 + 5*d**4 + 7*d. Let f(m) be the third derivative of z(m). Determine f(7).
-16
Let n(t) = 11*t**2 + 32*t - 2. Let b be n(-3). Let z(w) = 12*w + 6*w**3 - 22*w**3 + b + 13*w - 24*w. Calculate z(-1).
16
Let y(x) = 19*x**2 - 28*x + 113. Let h(n) = 3*n**2 + n + 6. Let j(s) = -6*h(s) + y(s). What is j(31)?
-16
Let g = 40 + -47. Let c(z) = z - 25. Let h(w) = -2*w - 33. Let s(r) = 5*r + 100. Let k(q) = -11*h(q) - 4*s(q). Let j(v) = g*c(v) + 5*k(v). Determine j(7).
11
Let s(n) = -n**3 - 13*n**2 + 16*n - 5. Let v(m) = -2*m**3 - 27*m**2 + 34*m - 11. Let u(d) = -17*s(d) + 8*v(d). Suppose -2*z + z - 4 = 0. Determine u(z).
13
Let v(u) = -u. Let q(g) = 4*g + 6. Let a(s) = q(s) + v(s). Let k(b) = -b - 1. Let n(p) = a(p) + 4*k(p). Give n(5).
-3
Let n(p) = 3*p**2 - 217*p - 359. Let v be n(74). Let f(w) = w**3 - 10*w**2 - 9*w + 10. What is f(v)?
32
Let y(b) = b - 7. Let m(n) be the second derivative of n**3/6 - 4*n**2 + 3*n. Suppose -14 = -12*z - 62. Let p(l) = z*m(l) + 5*y(l). Determine p(3).
0
Let h(x) be the third derivative of x**6/30 - x**5/60 + x**3/6 - x**2. Suppose -3*o - g = 3, 5*o + 3*g - 31 = -44. Determine h(o).
4
Suppose 5*t = -5, -4*t - 2 = 4*p - 6. Let i(a) = -p - 2*a + 1 - 3 - 1. Let o(f) = -f**3 - 5*f**2 + f - 34. Let g be o(-6). Give i(g).
3
Let d(f) be the second derivative of -3*f**2 + 50 + 1/3*f**3 - f. Suppose -6*z - 15 = -3*z, 2*y + 2*z = -2. What is d(y)?
2
Suppose -2 - 80 = 18*j + 2*h, -9 = j + h. Let x(m) = 3*m**2 + 5*m + 2. Give x(j).
30
Let v(n) = -19*n**3 + n**2 - n + 1. Let d(o) = o**2 - 9*o - 20. Let b be d(11). Suppose -r - r = -b. What is v(r)?
-18
Let p(r) = -5*r + 51*r**2 - 112*r**2 + 64*r**2 + 5 + r. Give p(2).
9
Let l = 117 - 117. Let k be (-1)/(2/(l + -1 + -1)). Let v(u) be the second derivative of -u**5/5 + u**4/12 + u**3/6 - u**2/2 - 9*u. What is v(k)?
-3
Let x(f) = -7*f**3 - 14*f**2 - 17*f - 17. Let r(y) = 2*y + 7. Let i be r(-1). Let l(s) = 3*s**3 + 7*s**2 + 8*s + 8. Let d(h) = i*l(h) + 2*x(h). What is d(-5)?
26
Let f(l) = l - 14. Suppose 4*x + 7*u - 5*u + 164 = 0, -4*x + 5*u - 192 = 0. Let m(h) = -h**3 - 45*h**2 - 89*h - 122. Let p be m(x). Calculate f(p).
-7
Suppose 0 = -5*k - 5 + 15. Let o(m) = m**3 - 41*m**k + 2 + 17*m**2 + 30*m**2. Give o(-6).
2
Suppose 6*y + 2 = -28. Let a(g) be the first derivative of g**5/30 + g**4/4 - g**3/2 + 3*g**2/2 + 6. Let s(i) be the second derivative of a(i). Calculate s(y).
17
Let l be 21/((-8)/8)*(-2)/((-30)/5). Let n(j) = -j**3 - 13*j**2 - 43*j - 17. Calculate n(l).
-10
Let z(k) = -15*k - 57 + 15 + 5*k - 6*k - 5*k. What is z(-3)?
21
Let u(j) = -2*j**3 - 4*j**2 - 13*j - 16. Let f be u(-2). Let n(l) = 4*l - 41. Give n(f).
-1
Let f(t) be the second derivative of t**3/2 - 39*t. Let o = -99 - -96. Calculate f(o).
-9
Let p = -286 + 413. Let s = p - 123. Let i(z) = z**3 - 3*z**2 - 5*z + 6. Calculate i(s).
2
Suppose -55 = 5*g - 115. Suppose p + 17 = 2*r, 22*p - 21*p + g = r. Let z(l) = l**2 + 3*l - 5. Determine z(p).
23
Let y(s) = s - 9774 - 3*s**2 + 9775 - 7*s - 5*s**2. What is y(-3)?
-53
Let z(l) be the second derivative of l**6/180 - l**5/120 - 25*l**4/2 + 2*l + 39. Let i(f) be the third derivative of z(f). Determine i(-2).
-9
Let n(c) = -16*c**3 - 7*c - 7. Let x = -1681 - -1680. Calculate n(x).
16
Let p(c) = -28 + 6*c + c**2 + 2 - c - 4*c - 12*c. Give p(-5).
54
Let d(l) = -13*l**2 + 73*l**3 + 11*l + 3 - 66*l**3 + 5 + 1. Let c(h) = -3*h**3 + 6*h**2 - 4*h - 5. Let i(r) = 5*c(r) + 2*d(r). Give i(5).
-22
Let r(p) = p**2 + 8*p + 1. Let z = -175 - -178. Suppose -12 = 3*o + z*t + 3, 5*t = 10. Determine r(o).
-6
Let j(y) = y - 20. Suppose -1063*g - 55 = -1068*g. Determine j(g).
-9
Let i(j) = -2*j**3 - 4*j**2 + 2*j - 2. Let x(r) = r**3 + 3*r**2 - r + 1. Let p(q) = i(q) + x(q). Let k = 24 - 27. Determine p(k).
14
Let y(l) be the third derivative of -l**7/840 - l**6/40 - 3*l**5/40 - l**4/3 + 5*l**3 + 7*l**2 - 3. Let q(v) be the first derivative of y(v). Give q(-8).
0
Let t(k) = 66*k - 77. Let i(v) = 40*v - 43. Let m(d) = -5*i(d) + 3*t(d). Let h = -12 - -4. Give m(